5. What is y(15)?
5
Let f(m) = -33*m + 11. What is f(1)?
-22
Let s(n) = n**2 + 5*n - 5. Determine s(-7).
9
Let z(k) = 20*k - 332. What is z(17)?
8
Let r(g) = 28*g**2 + g. Give r(1).
29
Let m(r) = -r**2 - 27*r + 22. Calculate m(0).
22
Let h(a) = -a**3 - a + 4. Give h(0).
4
Let m(t) = 36*t + 105. Determine m(-3).
-3
Let f(o) = o**3 - 7*o**2 + 13*o - 48. What is f(6)?
-6
Let f(s) = -s + 20. What is f(11)?
9
Let c(a) = -a - 18. Calculate c(-7).
-11
Let r(g) = g**3 + 9*g**2 - 7*g - 58. What is r(-9)?
5
Let m(d) = 7*d**3 - 8*d + 7. What is m(2)?
47
Let w(r) = 64*r + 242. What is w(-4)?
-14
Let z(y) = 4*y - 5. What is z(-11)?
-49
Let o(j) = 2*j**2 - 9*j + 5. Determine o(6).
23
Let a(w) = -w**3 - 6*w**2 - 13*w. Determine a(-4).
20
Let t(a) = -a**2 + 11*a + 17. Calculate t(14).
-25
Let t(r) = r**2 + 14*r. Determine t(-14).
0
Let m(o) = -13*o + 231. Determine m(19).
-16
Let u(h) = h**2 - 11*h - 7. Determine u(6).
-37
Let m(o) = o**2 - 2*o + 3. Determine m(5).
18
Let k(b) = b**3 - 8*b**2 + 4*b. Determine k(8).
32
Let p(b) = -3*b**2 - 24*b + 21. What is p(-9)?
-6
Let u(a) = 7*a**2 + 3*a. Calculate u(-1).
4
Let j(q) = 8*q - 1. What is j(-3)?
-25
Let u(l) = -l**3 - 16*l**2 - 72*l - 119. Determine u(-10).
1
Let r(c) = 9*c + 59. Calculate r(-7).
-4
Let y(t) = -14*t + 4. What is y(-3)?
46
Let v(j) = j**2 - 13*j - 15. Give v(16).
33
Let g(p) = -p**2 + 23*p - 105. Determine g(10).
25
Let t(h) = 23*h**3 - h**2 + 3*h + 4. What is t(-1)?
-23
Let k(v) = v**2 + v + 1. Calculate k(-3).
7
Let b(l) = 10*l - 79. Calculate b(9).
11
Let i(y) = -13*y + 9. Give i(-4).
61
Let k(y) = 2*y - 39. Determine k(15).
-9
Let w(x) = -x**2 - 6*x - 14. Give w(-3).
-5
Let a(u) = -3*u**3 - 19*u**2 - 7*u - 4. Calculate a(-6).
2
Let m(z) = 33*z + 22. Calculate m(-1).
-11
Let y(v) = 3*v - 16. What is y(8)?
8
Let l(m) = m**3 - 2*m - 1. What is l(-2)?
-5
Let z(l) = -l**3 - 36*l**2 + 33*l - 150. Determine z(-37).
-2
Let c(m) = -2*m - 6. Calculate c(-1).
-4
Let s(x) = -x**2 + 10*x - 17. Calculate s(8).
-1
Let n(v) = v**2 + 10*v + 11. Determine n(-8).
-5
Let o(z) = z**2 - 9*z + 2. Determine o(8).
-6
Let h(n) = -n**3 - 2*n**2. Give h(-3).
9
Let m(z) = -10*z**3 - 1. Determine m(2).
-81
Let r(n) = -5*n - 31. Calculate r(-5).
-6
Let i(j) = j**3 - 6*j**2 + 6*j - 3. Determine i(3).
-12
Let k(u) = u**3 + 5*u**2 - 3*u - 3. What is k(-5)?
12
Let c(f) = 2*f**3 - 2*f**2 + 11*f - 5. Determine c(4).
135
Let j(x) = 2*x - 86. Calculate j(44).
2
Let p(v) = 5*v - 48. What is p(-14)?
-118
Let m(y) = -2*y - 12. Give m(-15).
18
Let d(x) = -4*x + 21. What is d(6)?
-3
Let z(v) = v**2 + 5*v + 5. Determine z(-3).
-1
Let h(q) = q**3 + 10*q**2 + 21*q + 103. Calculate h(-9).
-5
Let g(y) = 20*y - 7. What is g(-7)?
-147
Let x(a) = -15*a - 3. What is x(3)?
-48
Let v(t) = t**3 - 5*t**2 + 2*t - 8. What is v(5)?
2
Let t(w) = -w**3 - 7*w**2 + 5*w - 7. Calculate t(-8).
17
Let z(u) = u**3 + 19*u**2 + 20*u + 7. What is z(-18)?
-29
Let t(p) = -8*p + 4. Give t(3).
-20
Let s(m) = 2*m**3 - 12*m**2 + m - 2. Calculate s(6).
4
Let o(k) = 3*k + 7. Calculate o(6).
25
Let b(q) = 27*q - 7. Determine b(-3).
-88
Let i(c) = c**3 - 4*c**2 - 3*c. Give i(-1).
-2
Let p(m) = -m**3 - 7*m**2 - 3*m + 17. Determine p(-6).
-1
Let j(d) = -d**2 - 8*d - 16. Calculate j(-6).
-4
Let v(f) = -25*f + 2. Calculate v(2).
-48
Let t(m) = -m**3 + 2*m**2 + 5*m + 3. Give t(3).
9
Let s(z) = -41*z - 159. Give s(-4).
5
Let o(c) = -4*c + 26. Determine o(3).
14
Let t(y) = -10*y - 10. What is t(0)?
-10
Let l(j) = -2*j**2 + 4*j + 6. What is l(3)?
0
Let n(s) = s**2 - 12*s + 29. Calculate n(9).
2
Let g(v) = 9*v**2 + 5*v + 4. What is g(-1)?
8
Let k(a) = a - 2. Give k(8).
6
Let m(u) = -u**2 - 16*u + 10. Calculate m(-17).
-7
Let x(h) = h**2 - h - 6. Determine x(8).
50
Let k(c) = c**3 - 12*c**2 + 5*c + 7. Determine k(11).
-59
Let s(n) = n**2 + 1. Determine s(-2).
5
Let j(n) = n + 3. Determine j(5).
8
Let n(d) = d + 15. Give n(-10).
5
Let a(d) = 3*d + 105. Determine a(-35).
0
Let y(m) = m**2 - 5*m + 7. What is y(6)?
13
Let r(y) = y**3 - 14*y**2 + 13*y - 19. Give r(13).
-19
Let y(l) = 8*l**3 + 1. What is y(-1)?
-7
Let y(d) = -d**3 - 8*d**2 + d + 14. Determine y(-7).
-42
Let n(t) = -7*t**2 - 2*t - 4. Give n(-3).
-61
Let i(d) = 2*d + 13. What is i(-10)?
-7
Let g(w) = -2*w**2 + 14*w + 2. What is g(11)?
-86
Let t(o) = -o**2 - 10*o + 21. Give t(-10).
21
Let j(w) = 8*w**3 - 2*w**2 + 3*w - 1. Determine j(2).
61
Let j(a) = -a**3 - 10*a**2 - 19*a + 5. Determine j(-4).
-15
Let j(x) = -x**2 - 41*x - 101. Determine j(-39).
-23
Let g(s) = -s**2 + s - 2. Calculate g(2).
-4
Let z(t) = t**3 - 10*t**2 - t + 7. Give z(10).
-3
Let y(i) = -i**2 + 18*i - 45. Give y(15).
0
Let o(w) = 2*w**2 + 4*w - 1. Determine o(4).
47
Let g(s) = -16*s + 1. Give g(-2).
33
Let j(q) = -3*q**2 + 4*q - 3. Calculate j(1).
-2
Let r(n) = 2*n**3 + 25*n**2 + 21*n + 10. Give r(-12).
-98
Let t(k) = k + 26. Give t(0).
26
Let q(b) = b**2 + 3*b - 6. Give q(-3).
-6
Let i(v) = v**2 + 6*v + 7. What is i(-9)?
34
Let t(a) = -a**3 + 5*a**2 + 3*a - 2. What is t(-4)?
130
Let t(k) = -k**3 - 13*k**2 - 26*k + 25. Determine t(-10).
-15
Let y(o) = -6*o - 41. What is y(-8)?
7
Let l(o) = o**3 + 32*o**2 - 190*o - 190. Determine l(-37).
-5
Let s(m) = 2*m - 32. Give s(14).
-4
Let p(d) = 3*d**2 - 47*d - 10. Determine p(16).
6
Let m(t) = -2*t + 16. Calculate m(-5).
26
Let f(r) = -44*r - 1798. Give f(-41).
6
Let c(v) = -v**2 + 11*v - 5. Determine c(11).
-5
Let i(f) = f**3 - f**2 - 32. What is i(0)?
-32
Let s(p) = -4*p + 77. What is s(20)?
-3
Let r(k) = -k**3 - 10*k**2 + 4*k + 167. Give r(-8).
7
Let q(k) = k**2 - 10*k + 17. Calculate q(7).
-4
Let h(m) = 12*m + 26. What is h(-4)?
-22
Let f(d) = 6*d + 3. What is f(2)?
15
Let f(r) = 14*r - 702. What is f(49)?
-16
Let q(g) = -g**3 - 8*g**2 + 27*g + 44. Give q(-10).
-26
Let g(l) = -l**2 - 9*l - 1. Give g(-4).
19
Let k(i) = i**2 - 3*i + 9. Determine k(6).
27
Let v(g) = -6*g**2 + 5*g - 4. Calculate v(1).
-5
Let u(r) = r + 5. Calculate u(-1).
4
Let h(q) = 2*q**2 - 108*q + 111. What is h(53)?
5
Let b(k) = k**3 + 11*k**2 + 25*k - 13. Calculate b(-7).
8
Let d(o) = -7*o**3 - 1. Determine d(1).
-8
Let g(j) = 3*j**2 + 24*j + 6. Calculate g(-6).
-30
Let i(y) = -y**2 - 2*y + 11. What is i(-5)?
-4
Let m(o) = -o**2 + 14*o - 5. What is m(16)?
-37
Let w(d) = 2*d**2 + 56*d + 57. Give w(-27).
3
Let h(u) = 2*u**2 - 35*u + 112. Calculate h(13).
-5
Let s(y) = -2*y**3 + 4*y**2 - 4*y - 1. Give s(3).
-31
Let l(h) = -42*h**2 + h + 1. Give l(-1).
-42
Let h(m) = -12*m**2 + 1. Give h(-2).
-47
Let j(o) = 8*o**2 + 2*o + 1. Determine j(1).
11
Let a(i) = i**3 - 7*i**2 - 19*i + 2. Determine a(10).
112
Let t(x) = -x**3 + 9*x**2 - 11*x + 10. Determine t(7).
31
Let v(s) = s**3 + 18*s**2 + 16*s - 23. Give v(-17).
-6
Let r(i) = -2*i**3 + 8*i**2 + 12*i - 8. Determine r(5).
2
Let m(f) = -3*f**2 - 63*f - 62. Determine m(-20).
-2
Let k(n) = -n**2 + 84. Give k(9).
3
Let m(u) = 7*u + 49. What is m(-6)?
7
Let n(w) = -6*w**2 - w - 2. Determine n(2).
-28
Let t(g) = g**2 - 2*g - 3. What is t(-3)?
12
Let k(v) = 4*v + 5. Give k(10).
45
Let n(f) = 6*f**2 + 2*f - 2. What is n(-3)?
46
Let v(j) = -14*j - 13. Give v(-1).
1
Let l(a) = 2*a**2 - 15*a + 28. Calculate l(9).
55
Let q(l) = -4*l**2 - 5*l + 3. What is q(4)?
-81
Let n(s) = -8*s + 5. What is n(1)?
-3
Let q(u) = 55*u - 210. Give q(4).
10
Let m(f) = -3*f**2 - f - 1. Calculate m(-1).
-3
Let d(k) = k**2 + 6*k - 3. Determine d(-7).
4
Let c(p) = p**3 - 9*p**2 + 8*p + 3. Calculate c(6).
-57
Let q(o) = -2*o**3 - 2*o**2 + 3*o + 13. What is q(3)?
-50
Let g(u) = -u**2 + 8*u - 4. Determine g(6).
8
Let d(b) = b**2 - 16*b + 30. Calculate d(14).
2
Let h(b) = b**2 + 13*b - 35. Give h(-15).
-5
Let j(t) = t**2 + 6. Calculate j(0).
6
Let f(n) = -9*n**2 + 4. Give f(-3).
-77
Let c(b) = b**2 + 26*b - 71. Calculate c(-28).
-15
Let h(s) = -s**2 + 27*s + 125. Calculate h(31).
1
Let x(j) = -2*j + 6. Calculate x(3).
0
Let k(b) = -b**2 - 22*b + 23. Determine k(-23).
0
Let j(l) = -l**3 - 22*l**2 - 19*l. Determine j(-21).
-42
Let o(p) = -p**3 - 10*p**2 - 4*p + 13. Give o(-9).
-32
Let y(j) = -j**2 + 26*j - 51. Determine y(24).
-3
Let f(x) = x**3 + 4*x**2 - x - 1. Give f(-5).
-21
Let f(d) = 2*d**2 + 5*d - 13. Determine f(2).
5
Let g(f) = 4*f + 21. Give g(2).
29
Let d(u) = -u**2 + 12*u + 73. Calculate d(16).
9
Let u(o) = -o**2 + 7*o - 9. 